{"id":101,"date":"2022-12-05T16:48:11","date_gmt":"2022-12-05T15:48:11","guid":{"rendered":"https:\/\/cgmbw.de\/?page_id=101"},"modified":"2022-12-11T21:48:47","modified_gmt":"2022-12-11T20:48:47","slug":"ostwuerttemberg","status":"publish","type":"page","link":"https:\/\/cgm-bw.de\/?page_id=101","title":{"rendered":"Ostw\u00fcrttemberg"},"content":{"rendered":"\n<p>Zust\u00e4ndig f\u00fcr die Kreise Schw\u00e4bisch Gm\u00fcnd, Aalen, Heidenheim und G\u00f6ppingen.<\/p>\n\n\n\n<p><strong>Vorsitzender<\/strong><br>Martin Ocker<br>martin.ocker(at)cgm.de<br>Tel.: +49717185599<\/p>\n\n\n<ul class=\"wp-block-latest-posts__list wp-block-latest-posts\"><li><a class=\"wp-block-latest-posts__post-title\" href=\"https:\/\/cgm-bw.de\/?p=1332\">Ausbildungsstart in Baden-W\u00fcrttemberg<\/a><\/li>\n<li><a class=\"wp-block-latest-posts__post-title\" href=\"https:\/\/cgm-bw.de\/?p=1230\">Deine Meinung ist wichtig!<\/a><\/li>\n<li><a class=\"wp-block-latest-posts__post-title\" href=\"https:\/\/cgm-bw.de\/?p=1221\">Online-Umfrage Tarifrunde 2024 Metall- und Elektroindustrie 2024<\/a><\/li>\n<li><a class=\"wp-block-latest-posts__post-title\" href=\"https:\/\/cgm-bw.de\/?p=1091\">Besuch bei beeindruckenden Maschinen<\/a><\/li>\n<li><a class=\"wp-block-latest-posts__post-title\" href=\"https:\/\/cgm-bw.de\/?p=987\">Der Nikolaus sagt:<\/a><\/li>\n<li><a class=\"wp-block-latest-posts__post-title\" href=\"https:\/\/cgm-bw.de\/?p=690\">Frischer Wind in der Gesch\u00e4ftsstelle Sindelfingen<\/a><\/li>\n<li><a class=\"wp-block-latest-posts__post-title\" href=\"https:\/\/cgm-bw.de\/?p=661\">Krank im Urlaub<\/a><\/li>\n<li><a class=\"wp-block-latest-posts__post-title\" href=\"https:\/\/cgm-bw.de\/?p=464\">Franz Wieber Medaille<\/a><\/li>\n<li><a class=\"wp-block-latest-posts__post-title\" href=\"https:\/\/cgm-bw.de\/?p=386\">Tagesordnung 1.4.23<\/a><\/li>\n<li><a class=\"wp-block-latest-posts__post-title\" href=\"https:\/\/cgm-bw.de\/?p=389\">Kr\u00e4ftige Lohnerh\u00f6hung<\/a><\/li>\n<li><a class=\"wp-block-latest-posts__post-title\" href=\"https:\/\/cgm-bw.de\/?p=232\">CGM Bezirksverband Ostw\u00fcrttemberg<\/a><\/li>\n<li><a class=\"wp-block-latest-posts__post-title\" href=\"https:\/\/cgm-bw.de\/?p=227\">CGM fordert umgehend Verhandlungen des Betriebsrates bei Bosch in Schw\u00e4bisch Gm\u00fcnd.<\/a><\/li>\n<\/ul>","protected":false},"excerpt":{"rendered":"<p>Zust\u00e4ndig f\u00fcr die Kreise Schw\u00e4bisch Gm\u00fcnd, Aalen, Heidenheim und G\u00f6ppingen. VorsitzenderMartin Ockermartin.ocker(at)cgm.deTel.: +49717185599<\/p>\n","protected":false},"author":1,"featured_media":0,"parent":0,"menu_order":0,"comment_status":"closed","ping_status":"closed","template":"","meta":{"footnotes":""},"class_list":["post-101","page","type-page","status-publish","hentry"],"_links":{"self":[{"href":"https:\/\/cgm-bw.de\/index.php?rest_route=\/wp\/v2\/pages\/101","targetHints":{"allow":["GET"]}}],"collection":[{"href":"https:\/\/cgm-bw.de\/index.php?rest_route=\/wp\/v2\/pages"}],"about":[{"href":"https:\/\/cgm-bw.de\/index.php?rest_route=\/wp\/v2\/types\/page"}],"author":[{"embeddable":true,"href":"https:\/\/cgm-bw.de\/index.php?rest_route=\/wp\/v2\/users\/1"}],"replies":[{"embeddable":true,"href":"https:\/\/cgm-bw.de\/index.php?rest_route=%2Fwp%2Fv2%2Fcomments&post=101"}],"version-history":[{"count":3,"href":"https:\/\/cgm-bw.de\/index.php?rest_route=\/wp\/v2\/pages\/101\/revisions"}],"predecessor-version":[{"id":235,"href":"https:\/\/cgm-bw.de\/index.php?rest_route=\/wp\/v2\/pages\/101\/revisions\/235"}],"wp:attachment":[{"href":"https:\/\/cgm-bw.de\/index.php?rest_route=%2Fwp%2Fv2%2Fmedia&parent=101"}],"curies":[{"name":"wp","href":"https:\/\/api.w.org\/{rel}","templated":true}]}}

Ostwürttemberg

<p>Zuständig für die Kreise Schwäbisch Gmünd, Aalen, Heidenheim und Göppingen.</p>



<p><strong>Vorsitzender</strong><br>Martin Ocker<br>martin.ocker(at)cgm.de<br>Tel.: +49717185599</p>


<ul class="wp-block-latest-posts__list wp-block-latest-posts"><li><a class="wp-block-latest-posts__post-title" href="https://cgm-bw.de/?p=1332">Ausbildungsstart in Baden-Württemberg</a></li>
<li><a class="wp-block-latest-posts__post-title" href="https://cgm-bw.de/?p=1230">Deine Meinung ist wichtig!</a></li>
<li><a class="wp-block-latest-posts__post-title" href="https://cgm-bw.de/?p=1221">Online-Umfrage Tarifrunde 2024 Metall- und Elektroindustrie 2024</a></li>
<li><a class="wp-block-latest-posts__post-title" href="https://cgm-bw.de/?p=1091">Besuch bei beeindruckenden Maschinen</a></li>
<li><a class="wp-block-latest-posts__post-title" href="https://cgm-bw.de/?p=987">Der Nikolaus sagt:</a></li>
<li><a class="wp-block-latest-posts__post-title" href="https://cgm-bw.de/?p=690">Frischer Wind in der Geschäftsstelle Sindelfingen</a></li>
<li><a class="wp-block-latest-posts__post-title" href="https://cgm-bw.de/?p=661">Krank im Urlaub</a></li>
<li><a class="wp-block-latest-posts__post-title" href="https://cgm-bw.de/?p=464">Franz Wieber Medaille</a></li>
<li><a class="wp-block-latest-posts__post-title" href="https://cgm-bw.de/?p=386">Tagesordnung 1.4.23</a></li>
<li><a class="wp-block-latest-posts__post-title" href="https://cgm-bw.de/?p=389">Kräftige Lohnerhöhung</a></li>
<li><a class="wp-block-latest-posts__post-title" href="https://cgm-bw.de/?p=232">CGM Bezirksverband Ostwürttemberg</a></li>
<li><a class="wp-block-latest-posts__post-title" href="https://cgm-bw.de/?p=227">CGM fordert umgehend Verhandlungen des Betriebsrates bei Bosch in Schwäbisch Gmünd.</a></li>
</ul>

<p>Zuständig für die Kreise Schwäbisch Gmünd, Aalen, Heidenheim und Göppingen. VorsitzenderMartin Ockermartin.ocker(at)cgm.deTel.: +49717185599</p>
