{"id":105,"date":"2022-12-05T16:52:55","date_gmt":"2022-12-05T15:52:55","guid":{"rendered":"https:\/\/cgmbw.de\/?page_id=105"},"modified":"2025-07-01T16:35:17","modified_gmt":"2025-07-01T14:35:17","slug":"herrenberg-boeblingen","status":"publish","type":"page","link":"https:\/\/cgm-bw.de\/?page_id=105","title":{"rendered":"Herrenberg &#8211; B\u00f6blingen"},"content":{"rendered":"\n<p>Zust\u00e4ndig f\u00fcr den Kreis und die Regionen                                                                                             <mark style=\"background-color:rgba(0, 0, 0, 0)\" class=\"has-inline-color has-primary-color\"> <\/mark><br>Herrenberg-B\u00f6blingen, Leonberg, Calw, Freudenstadt und Nordschwarzwald<\/p>\n\n\n\n<p>Vorsitzender <\/p>\n\n\n\n<p>Dirk Junger  <\/p>\n\n\n\n<p>dirk.junger@t-online.de<\/p>\n\n\n\n<figure class=\"wp-block-image size-full is-resized\"><img loading=\"lazy\" decoding=\"async\" width=\"1707\" height=\"2560\" src=\"https:\/\/cgm-bw.de\/wp-content\/uploads\/2023\/05\/Gewerkschaft-Mercedes-Dirk-Junger-01-046-1-2-scaled.jpg\" alt=\"\" class=\"wp-image-572\" style=\"width:427px;height:640px\" srcset=\"https:\/\/cgm-bw.de\/wp-content\/uploads\/2023\/05\/Gewerkschaft-Mercedes-Dirk-Junger-01-046-1-2-scaled.jpg 1707w, https:\/\/cgm-bw.de\/wp-content\/uploads\/2023\/05\/Gewerkschaft-Mercedes-Dirk-Junger-01-046-1-2-200x300.jpg 200w, https:\/\/cgm-bw.de\/wp-content\/uploads\/2023\/05\/Gewerkschaft-Mercedes-Dirk-Junger-01-046-1-2-683x1024.jpg 683w, https:\/\/cgm-bw.de\/wp-content\/uploads\/2023\/05\/Gewerkschaft-Mercedes-Dirk-Junger-01-046-1-2-768x1152.jpg 768w, https:\/\/cgm-bw.de\/wp-content\/uploads\/2023\/05\/Gewerkschaft-Mercedes-Dirk-Junger-01-046-1-2-1024x1536.jpg 1024w, https:\/\/cgm-bw.de\/wp-content\/uploads\/2023\/05\/Gewerkschaft-Mercedes-Dirk-Junger-01-046-1-2-1365x2048.jpg 1365w, https:\/\/cgm-bw.de\/wp-content\/uploads\/2023\/05\/Gewerkschaft-Mercedes-Dirk-Junger-01-046-1-2-2000x3000.jpg 2000w\" sizes=\"auto, (max-width: 1707px) 100vw, 1707px\" \/><\/figure>\n\n\n<ul class=\"wp-block-latest-posts__list wp-block-latest-posts\"><li><a class=\"wp-block-latest-posts__post-title\" href=\"https:\/\/cgm-bw.de\/?p=1713\">Wir Betriebsr\u00e4te der CGM sagen Danke !<\/a><\/li>\n<li><a class=\"wp-block-latest-posts__post-title\" href=\"https:\/\/cgm-bw.de\/?p=1702\">Sch\u00f6ne Weihnachten<\/a><\/li>\n<li><a class=\"wp-block-latest-posts__post-title\" href=\"https:\/\/cgm-bw.de\/?p=1618\">&#8222;Wir w\u00fcnschen einen sch\u00f6nen und erholsamen Urlaub&#8220;<\/a><\/li>\n<li><a class=\"wp-block-latest-posts__post-title\" href=\"https:\/\/cgm-bw.de\/?p=1478\">Stellungnahme der Betriebsgruppe Mercedes-Benz Sindelfingen!<\/a><\/li>\n<li><a class=\"wp-block-latest-posts__post-title\" href=\"https:\/\/cgm-bw.de\/?p=1473\">Pressemitteilung der Betriebsgruppe Mercedes-Benz Sindelfingen<\/a><\/li>\n<li><a class=\"wp-block-latest-posts__post-title\" href=\"https:\/\/cgm-bw.de\/?p=1451\">Erster Schlagabtausch im Sindelfinger OB-Wahlkampf!<\/a><\/li>\n<li><a class=\"wp-block-latest-posts__post-title\" href=\"https:\/\/cgm-bw.de\/?p=1422\">Jahresendfeier des Bezirksverbands Stuttgart<\/a><\/li>\n<li><a class=\"wp-block-latest-posts__post-title\" href=\"https:\/\/cgm-bw.de\/?p=1404\">125 Jahre CGM&#8230;Jubil\u00e4umsfeier des Bezirkes Herrenberg\/B\u00f6blingen<\/a><\/li>\n<li><a class=\"wp-block-latest-posts__post-title\" href=\"https:\/\/cgm-bw.de\/?p=1332\">Ausbildungsstart in Baden-W\u00fcrttemberg<\/a><\/li>\n<li><a class=\"wp-block-latest-posts__post-title\" href=\"https:\/\/cgm-bw.de\/?p=1230\">Deine Meinung ist wichtig!<\/a><\/li>\n<li><a class=\"wp-block-latest-posts__post-title\" href=\"https:\/\/cgm-bw.de\/?p=1221\">Online-Umfrage Tarifrunde 2024 Metall- und Elektroindustrie 2024<\/a><\/li>\n<li><a class=\"wp-block-latest-posts__post-title\" href=\"https:\/\/cgm-bw.de\/?p=1099\">Politischer Aschermittwoch der CDU 2024 in Fellbach<\/a><\/li>\n<\/ul>\n\n\n<figure class=\"wp-block-gallery has-nested-images columns-default is-cropped wp-block-gallery-1 is-layout-flex wp-block-gallery-is-layout-flex\"><\/figure>\n\n\n\n<figure class=\"wp-block-gallery has-nested-images columns-default is-cropped wp-block-gallery-2 is-layout-flex wp-block-gallery-is-layout-flex\">\n<figure class=\"wp-block-image size-large\"><img loading=\"lazy\" decoding=\"async\" width=\"1024\" height=\"768\" data-id=\"587\" src=\"https:\/\/cgm-bw.de\/wp-content\/uploads\/2023\/05\/P1060044-1-1024x768.jpg\" alt=\"\" class=\"wp-image-587\" srcset=\"https:\/\/cgm-bw.de\/wp-content\/uploads\/2023\/05\/P1060044-1-1024x768.jpg 1024w, https:\/\/cgm-bw.de\/wp-content\/uploads\/2023\/05\/P1060044-1-300x225.jpg 300w, https:\/\/cgm-bw.de\/wp-content\/uploads\/2023\/05\/P1060044-1-768x576.jpg 768w, https:\/\/cgm-bw.de\/wp-content\/uploads\/2023\/05\/P1060044-1-1536x1152.jpg 1536w, https:\/\/cgm-bw.de\/wp-content\/uploads\/2023\/05\/P1060044-1-2000x1500.jpg 2000w, https:\/\/cgm-bw.de\/wp-content\/uploads\/2023\/05\/P1060044-1.jpg 2048w\" sizes=\"auto, (max-width: 1024px) 100vw, 1024px\" \/><\/figure>\n<\/figure>\n\n\n\n<h2 class=\"wp-block-heading\">Bezirksvorstand<\/h2>\n\n\n\n<p>Von Links: Leiter Wilhelm, Kiefer J\u00f6rg, Akillilar Abdullah, Eren Vedat, Sch\u00f6ck Martina, Holten Ralf,                         Junger Dirk, Heinkele Ralf, K\u00fcnle Regine, Stahl J\u00fcrgen, Brandl Oliver, Scheffler Ingo, J\u00e4ckle Tobias<\/p>\n\n\n\n<p>Nicht Anwesend: Francak Georg,Nockert Ralph<\/p>\n","protected":false},"excerpt":{"rendered":"<p>Zust\u00e4ndig f\u00fcr den Kreis und die Regionen Herrenberg-B\u00f6blingen, Leonberg, Calw, Freudenstadt und Nordschwarzwald Vorsitzender Dirk Junger dirk.junger@t-online.de Bezirksvorstand Von Links: Leiter Wilhelm, Kiefer J\u00f6rg, Akillilar Abdullah, Eren Vedat, Sch\u00f6ck Martina, Holten Ralf, Junger Dirk, Heinkele Ralf, K\u00fcnle Regine, Stahl J\u00fcrgen, Brandl Oliver, Scheffler Ingo, J\u00e4ckle Tobias Nicht Anwesend: Francak Georg,Nockert Ralph<\/p>\n","protected":false},"author":1,"featured_media":0,"parent":0,"menu_order":0,"comment_status":"closed","ping_status":"closed","template":"","meta":{"footnotes":""},"class_list":["post-105","page","type-page","status-publish","hentry"],"_links":{"self":[{"href":"https:\/\/cgm-bw.de\/index.php?rest_route=\/wp\/v2\/pages\/105","targetHints":{"allow":["GET"]}}],"collection":[{"href":"https:\/\/cgm-bw.de\/index.php?rest_route=\/wp\/v2\/pages"}],"about":[{"href":"https:\/\/cgm-bw.de\/index.php?rest_route=\/wp\/v2\/types\/page"}],"author":[{"embeddable":true,"href":"https:\/\/cgm-bw.de\/index.php?rest_route=\/wp\/v2\/users\/1"}],"replies":[{"embeddable":true,"href":"https:\/\/cgm-bw.de\/index.php?rest_route=%2Fwp%2Fv2%2Fcomments&post=105"}],"version-history":[{"count":13,"href":"https:\/\/cgm-bw.de\/index.php?rest_route=\/wp\/v2\/pages\/105\/revisions"}],"predecessor-version":[{"id":1519,"href":"https:\/\/cgm-bw.de\/index.php?rest_route=\/wp\/v2\/pages\/105\/revisions\/1519"}],"wp:attachment":[{"href":"https:\/\/cgm-bw.de\/index.php?rest_route=%2Fwp%2Fv2%2Fmedia&parent=105"}],"curies":[{"name":"wp","href":"https:\/\/api.w.org\/{rel}","templated":true}]}}