{"id":332,"date":"2022-12-19T10:28:03","date_gmt":"2022-12-19T09:28:03","guid":{"rendered":"https:\/\/cgmbw.de\/?page_id=332"},"modified":"2024-09-20T11:20:16","modified_gmt":"2024-09-20T09:20:16","slug":"downloads","status":"publish","type":"page","link":"https:\/\/cgm-bw.de\/?page_id=332","title":{"rendered":"Downloads"},"content":{"rendered":"\n<h2 class=\"wp-block-heading has-text-color has-link-color wp-elements-bac4a3f499646f1a9e825ae605aece0d\" style=\"color:#0050a0\">Aufnahmeantrag<\/h2>\n\n\n\n<div class=\"wp-block-media-text is-stacked-on-mobile is-vertically-aligned-center\" style=\"grid-template-columns:20% auto\"><figure class=\"wp-block-media-text__media\"><img loading=\"lazy\" decoding=\"async\" width=\"695\" height=\"1024\" src=\"https:\/\/cgm-bw.de\/wp-content\/uploads\/2024\/09\/CGM-Aufnahmeantrag-Sindelfingen-mit-25-E-JPG-695x1024.jpg\" alt=\"\" class=\"wp-image-1369 size-full\" srcset=\"https:\/\/cgm-bw.de\/wp-content\/uploads\/2024\/09\/CGM-Aufnahmeantrag-Sindelfingen-mit-25-E-JPG-695x1024.jpg 695w, https:\/\/cgm-bw.de\/wp-content\/uploads\/2024\/09\/CGM-Aufnahmeantrag-Sindelfingen-mit-25-E-JPG-204x300.jpg 204w, https:\/\/cgm-bw.de\/wp-content\/uploads\/2024\/09\/CGM-Aufnahmeantrag-Sindelfingen-mit-25-E-JPG-2000x2946.jpg 2000w, https:\/\/cgm-bw.de\/wp-content\/uploads\/2024\/09\/CGM-Aufnahmeantrag-Sindelfingen-mit-25-E-JPG-scaled.jpg 1738w\" sizes=\"auto, (max-width: 695px) 100vw, 695px\" \/><\/figure><div class=\"wp-block-media-text__content\">\n<div class=\"wp-block-group is-nowrap is-layout-flex wp-container-core-group-is-layout-6c531013 wp-block-group-is-layout-flex\">\n<div class=\"wp-block-buttons is-layout-flex wp-block-buttons-is-layout-flex\">\n<div class=\"wp-block-button has-custom-width wp-block-button__width-100 is-style-fill\"><a class=\"wp-block-button__link has-background wp-element-button\" href=\"https:\/\/cgm-bw.de\/wp-content\/uploads\/2024\/09\/CGM-Aufnahmeantrag-Sindelfingen-mit-25-E.pdf\" style=\"background-color:#ff8000\" target=\"_blank\" rel=\"noreferrer noopener\">Herunterladen<\/a><\/div>\n<\/div>\n<\/div>\n<\/div><\/div>\n\n\n\n<div style=\"height:var(--wp--preset--spacing--medium)\" aria-hidden=\"true\" class=\"wp-block-spacer\"><\/div>\n\n\n\n<h2 class=\"wp-block-heading has-text-color has-link-color wp-elements-b895f35537bed647990b7af05e898d42\" style=\"color:#0050a0\">Leistungs\u00fcbersicht<\/h2>\n\n\n\n<div class=\"wp-block-media-text is-stacked-on-mobile is-vertically-aligned-center\" style=\"grid-template-columns:20% auto\"><figure class=\"wp-block-media-text__media\"><img loading=\"lazy\" decoding=\"async\" width=\"730\" height=\"588\" src=\"https:\/\/cgm-bw.de\/wp-content\/uploads\/2022\/12\/CGMbw_Leistungsuebersicht_aktuell.png\" alt=\"\" class=\"wp-image-338 size-full\" srcset=\"https:\/\/cgm-bw.de\/wp-content\/uploads\/2022\/12\/CGMbw_Leistungsuebersicht_aktuell.png 730w, https:\/\/cgm-bw.de\/wp-content\/uploads\/2022\/12\/CGMbw_Leistungsuebersicht_aktuell-300x242.png 300w\" sizes=\"auto, (max-width: 730px) 100vw, 730px\" \/><\/figure><div class=\"wp-block-media-text__content\">\n<div class=\"wp-block-buttons is-layout-flex wp-block-buttons-is-layout-flex\">\n<div class=\"wp-block-button is-style-fill\"><a class=\"wp-block-button__link has-background wp-element-button\" href=\"https:\/\/cgm-bw.de\/wp-content\/uploads\/2022\/12\/CGMbw_Leistungsuebersicht_aktuell.png\" style=\"background-color:#ff8000\">Herunterladen<\/a><\/div>\n<\/div>\n<\/div><\/div>\n\n\n\n<div style=\"height:var(--wp--preset--spacing--medium)\" aria-hidden=\"true\" class=\"wp-block-spacer\"><\/div>\n\n\n\n<h2 class=\"wp-block-heading has-text-color has-link-color wp-elements-b3aff71ad27284b0a8ee47d647b67a10\" style=\"color:#0050a0\">CGM-Ratgeber f\u00fcr Hinterbliebende<\/h2>\n\n\n\n<div class=\"wp-block-media-text is-stacked-on-mobile is-vertically-aligned-center\" style=\"grid-template-columns:20% auto\"><figure class=\"wp-block-media-text__media\"><img loading=\"lazy\" decoding=\"async\" width=\"500\" height=\"352\" src=\"https:\/\/cgm-bw.de\/wp-content\/uploads\/2024\/09\/CGM-Ratgeber-fuer-Hinterbliebene-1.webp\" alt=\"\" class=\"wp-image-1367 size-full\" srcset=\"https:\/\/cgm-bw.de\/wp-content\/uploads\/2024\/09\/CGM-Ratgeber-fuer-Hinterbliebene-1.webp 500w, https:\/\/cgm-bw.de\/wp-content\/uploads\/2024\/09\/CGM-Ratgeber-fuer-Hinterbliebene-1-300x211.webp 300w\" sizes=\"auto, (max-width: 500px) 100vw, 500px\" \/><\/figure><div class=\"wp-block-media-text__content\">\n<div class=\"wp-block-group is-nowrap is-layout-flex wp-container-core-group-is-layout-6c531013 wp-block-group-is-layout-flex\">\n<div class=\"wp-block-buttons is-layout-flex wp-container-core-buttons-is-layout-45b20515 wp-block-buttons-is-layout-flex\">\n<div class=\"wp-block-button has-custom-width wp-block-button__width-100 is-style-fill\"><a class=\"wp-block-button__link has-background wp-element-button\" href=\"https:\/\/cgm-bw.de\/wp-content\/uploads\/2022\/12\/CGM-Ratgeber-fuer-Hinterbliebene.pdf\" style=\"background-color:#ff8000\" target=\"_blank\" rel=\"noreferrer noopener\">Herunterladen<\/a><\/div>\n<\/div>\n<\/div>\n<\/div><\/div>\n\n\n\n<hr class=\"wp-block-separator has-text-color has-alpha-channel-opacity has-background is-style-wide\" style=\"margin-top:var(--wp--preset--spacing--x-large);margin-bottom:var(--wp--preset--spacing--x-large);background-color:#e1003c;color:#e1003c\"\/>\n\n\n\n<h2 class=\"wp-block-heading has-text-color has-link-color wp-elements-4e8e28c4fb0f122edaa77e806d66f37b\" style=\"color:#0050a0\">Sozialversicherungsbeitr\u00e4ge ab 01.01.2016<\/h2>\n\n\n\n<div class=\"wp-block-media-text is-stacked-on-mobile is-vertically-aligned-top\" style=\"grid-template-columns:20% auto\"><figure class=\"wp-block-media-text__media\"><img loading=\"lazy\" decoding=\"async\" width=\"1024\" height=\"1024\" src=\"https:\/\/cgm-bw.de\/wp-content\/uploads\/2022\/12\/CGM_christliche_gewerkschaft_metall_quadratisch-1024x1024.png\" alt=\"\" class=\"wp-image-10 size-full\" srcset=\"https:\/\/cgm-bw.de\/wp-content\/uploads\/2022\/12\/CGM_christliche_gewerkschaft_metall_quadratisch-1024x1024.png 1024w, https:\/\/cgm-bw.de\/wp-content\/uploads\/2022\/12\/CGM_christliche_gewerkschaft_metall_quadratisch-300x300.png 300w, https:\/\/cgm-bw.de\/wp-content\/uploads\/2022\/12\/CGM_christliche_gewerkschaft_metall_quadratisch-150x150.png 150w, https:\/\/cgm-bw.de\/wp-content\/uploads\/2022\/12\/CGM_christliche_gewerkschaft_metall_quadratisch-768x768.png 768w, https:\/\/cgm-bw.de\/wp-content\/uploads\/2022\/12\/CGM_christliche_gewerkschaft_metall_quadratisch.png 1500w\" sizes=\"auto, (max-width: 1024px) 100vw, 1024px\" \/><\/figure><div class=\"wp-block-media-text__content\">\n<div class=\"wp-block-group is-nowrap is-layout-flex wp-container-core-group-is-layout-f66f9956 wp-block-group-is-layout-flex\">\n<div class=\"wp-block-buttons is-layout-flex wp-block-buttons-is-layout-flex\">\n<div class=\"wp-block-button has-custom-width wp-block-button__width-100 is-style-fill\"><a class=\"wp-block-button__link has-background wp-element-button\" href=\"https:\/\/cgm-bw.de\/wp-content\/uploads\/2022\/12\/LV_SozialversicherungBeitraege2016.pdf\" style=\"background-color:#ff8000\" target=\"_blank\" rel=\"noreferrer noopener\">Herunterladen<\/a><\/div>\n<\/div>\n<\/div>\n<\/div><\/div>\n\n\n\n<p><\/p>\n","protected":false},"excerpt":{"rendered":"<p>Aufnahmeantrag Leistungs\u00fcbersicht CGM-Ratgeber f\u00fcr Hinterbliebende Sozialversicherungsbeitr\u00e4ge ab 01.01.2016<\/p>\n","protected":false},"author":1,"featured_media":0,"parent":0,"menu_order":0,"comment_status":"closed","ping_status":"closed","template":"","meta":{"footnotes":""},"class_list":["post-332","page","type-page","status-publish","hentry"],"_links":{"self":[{"href":"https:\/\/cgm-bw.de\/index.php?rest_route=\/wp\/v2\/pages\/332","targetHints":{"allow":["GET"]}}],"collection":[{"href":"https:\/\/cgm-bw.de\/index.php?rest_route=\/wp\/v2\/pages"}],"about":[{"href":"https:\/\/cgm-bw.de\/index.php?rest_route=\/wp\/v2\/types\/page"}],"author":[{"embeddable":true,"href":"https:\/\/cgm-bw.de\/index.php?rest_route=\/wp\/v2\/users\/1"}],"replies":[{"embeddable":true,"href":"https:\/\/cgm-bw.de\/index.php?rest_route=%2Fwp%2Fv2%2Fcomments&post=332"}],"version-history":[{"count":14,"href":"https:\/\/cgm-bw.de\/index.php?rest_route=\/wp\/v2\/pages\/332\/revisions"}],"predecessor-version":[{"id":1386,"href":"https:\/\/cgm-bw.de\/index.php?rest_route=\/wp\/v2\/pages\/332\/revisions\/1386"}],"wp:attachment":[{"href":"https:\/\/cgm-bw.de\/index.php?rest_route=%2Fwp%2Fv2%2Fmedia&parent=332"}],"curies":[{"name":"wp","href":"https:\/\/api.w.org\/{rel}","templated":true}]}}